der when i is divided by 46?
6
Let a(o) = -23*o - 39. Let y(m) = 8*m + 14. Let q(z) = 6*a(z) + 17*y(z). Calculate the remainder when 111 is divided by q(-6).
15
Suppose 1834*t = 1807*t + 8613. Calculate the remainder when 574 is divided by t.
255
Suppose 0 = -4*j + g + 2731, 3*g - 6*g - 3419 = -5*j. Let v = 7 - -11. What is the remainder when v is divided by 7/(-1) - j/(-62)?
2
Suppose 0 = -3*m + 4*m - 4*f - 687, 0 = m + 2*f - 717. Let h = -656 + m. What is the remainder when 199 is divided by h?
46
Suppose 0 = 30*c - 38*c + 1016. Calculate the remainder when c is divided by (-5)/((-5)/(-20)*(1 - 3)).
7
Let b(x) = x**2 - 9*x + 62. Let m = -43 + 51. Calculate the remainder when b(m) is divided by 28.
26
Suppose 163 = -3*h + 184. Let c(g) = -g**2 + 3*g + 30. Calculate the remainder when 12 is divided by c(h).
0
Let r(d) = d**3 + 9*d**2 + 6. Let h(n) = -n**3 + 4*n - 25 - 36 - 2 - 2*n + 36*n**2. What is the remainder when r(-5) is divided by h(36)?
7
Suppose -4*p = 3*a + 5, 0 = 4*a + 3*p - 0 + 2. Calculate the remainder when 446 is divided by a.
0
Suppose 2*v = -2*f + 610, v + 548 = 3*f - 355. What is the remainder when f is divided by 5?
2
Suppose -46603 = -87*d + 39440. Calculate the remainder when d is divided by 17.
3
Let t(q) = 4*q - 153 + 188 + 2*q + q. Let d be t(-5). Suppose 5*p = -d*p + 30. What is the remainder when p is divided by 4?
2
What is the remainder when (32/(-5))/((-140)/5600) is divided by 8?
0
Let a be (-4 - -2)*(-2 - 155/10). Let d be -7 + a - (3 + 0). Suppose 4*k = -k + d. Calculate the remainder when 27 is divided by k.
2
Let f(h) = h**2 - 106*h + 1643. Calculate the remainder when f(14) is divided by 0 - 0 - (11 - 30).
13
Let i = 2601 - 2594. Calculate the remainder when 1489 is divided by i.
5
Suppose -4*k + 74 = 2*f, 0*f + 63 = 3*k + 4*f. Let w be -4 - (-5)/((-25)/4)*-5. What is the remainder when k is divided by (20 - w)*(-11)/(-22)?
7
Suppose -12 = 286*o - 290*o, 0 = 3*w + o - 489. Let q be -2*15/6*1. Calculate the remainder when w is divided by -10*q/(30/9).
12
Suppose -2*k + 3*k = -l + 133, k + 4*l = 151. What is the remainder when 410 is divided by k?
29
Suppose 0 = -v - 3*l - 163, -2*v + l = -4*l + 304. Let w = -142 - v. What is the remainder when 123/9*4 - 10/(-30) is divided by w?
10
Let w = -615 + 766. What is the remainder when w is divided by 2/14 + (4 - 125/(-7))?
19
Let v(h) be the second derivative of -41*h**3/6 - 5*h**2/2 - 12*h. Suppose 0 = 5*q - 80 - 15. What is the remainder when v(-1) is divided by q?
17
Let w(x) = x**2 + 5*x + 9. Let n = 57 + -45. Suppose y - 3*y - n = -4*b, 0 = 5*y - b + 30. What is the remainder when 71 is divided by w(y)?
11
Suppose -5*p - 1620 = -14*p. Let n = p - 174. Let f = 19 - -50. Calculate the remainder when f is divided by n.
3
Let y(k) = -92*k + 142. Let z be y(-34). Calculate the remainder when z/21 + ((-63)/(-49) - 1) is divided by 27.
21
Let q = -38 + 49. Suppose 0 = 4*s - 5 - q. Suppose -17 = 5*v - 5*f - 87, -5*f = 4*v - 20. What is the remainder when v is divided by s?
2
Let b(u) be the third derivative of 0*u + 1/6*u**4 + 49/2*u**3 + 21*u**2 + 0. Calculate the remainder when b(0) is divided by 37.
36
Suppose -16407 = 285*r - 42342. Calculate the remainder when r is divided by 1/(-3) + 140/6.
22
Let p = 230 - 235. Let c(f) = 18*f + 103. Calculate the remainder when 24 is divided by c(p).
11
Suppose 4002 = 5*q + 3*h, 3*h = 2907*q - 2910*q + 2406. What is the remainder when q is divided by 39?
18
Let d(q) = -7*q**2 + q - 1. Let r be d(3). Let b = r + 69. Calculate the remainder when 165 is divided by b.
5
Let c = 187 + -123. Suppose -1309 = 472*o - 479*o. Calculate the remainder when o is divided by c.
59
Let c(n) = 552*n - 1559. Suppose 0 = 4*d - 12 - 0. Let z(b) = 3*b + 1. What is the remainder when c(3) is divided by z(d)?
7
Suppose 4*l + l - 14 = -2*t, 3*t - 2*l = 21. Let j(g) = 2*g**2 - g - 24. Calculate the remainder when j(t) is divided by 37.
30
Suppose -2*k - 1115 = 4*h + 1533, -5*k = 3*h + 1986. Let j = 777 + h. Calculate the remainder when j is divided by 7.
3
Let g(v) = -3*v**3 - 31*v**2 - 60*v. Let k be g(-2). Suppose -k*d + 645 + 215 = 0. What is the remainder when 513 is divided by d?
40
Let d(k) = 13*k**2 + 2*k - 6. Let i be d(2). What is the remainder when 110 is divided by (32/(-6))/(i/(-75))?
6
Let y be (-108)/21 - 3/(-21). Suppose 5*u - 345 = -k + 2*k, 2*u - 156 = 4*k. What is the remainder when u is divided by (-159)/(-7) + y/(105/(-6))?
22
Let h(c) = -157*c - 62. Calculate the remainder when h(-5) is divided by -1*50/2*63/(-63).
23
Let n = 2953 + -2558. What is the remainder when 450 is divided by n?
55
Let i(z) = -5 - 2*z + 324*z**2 + 10*z - 320*z**2. Let h be i(5). Suppose -2*s = -h - 45. Calculate the remainder when s is divided by 23.
21
Let f = -34968 - -35255. Calculate the remainder when f is divided by 144.
143
Suppose -48*p + 47*p + 5 = 0. Suppose 2*m = -2*a + 24, -p*a + 57 + 53 = -5*m. Calculate the remainder when a is divided by 5.
2
Suppose 0 = -4*a + 4, -4*a - 166 = -5*l - 0*a. Suppose 1141*b + 736*b = 221*b + 190440. What is the remainder when b is divided by l?
13
Suppose 3*q + 89 = 89. Suppose q = -u + 5*y + 14, 0 = -u - 3*y - 3 + 9. What is the remainder when 39 is divided by u?
3
Let k = -94 - -169. Let i be 27/(-2)*-8*(-5)/(-30). Let l(g) = 6*g - 88. What is the remainder when k is divided by l(i)?
15
Suppose 35*f - 40*f = -3*k + 269, 5*k + 4*f = 362. What is the remainder when 8735 is divided by k?
77
Let p = 504 + -165. Let k = -164 + p. Suppose k = 3*g - 110. Calculate the remainder when g is divided by 20.
15
Let r = 110 + 130. Let d = r + -63. What is the remainder when d is divided by 36?
33
Let n(d) = -16*d - 108. Let j be n(-7). Suppose -2*p - j*y + 0 = -38, 5*p - 4*y = 39. Calculate the remainder when 230 is divided by p.
10
Let g(s) = 16*s**2 - 478*s + 353. What is the remainder when g(33) is divided by 59?
56
Suppose 16 = -w + 83. Let j = w - 193. Let s = 156 + j. What is the remainder when 118 is divided by s?
28
Suppose 0 = 2*q - l - 15, -3 + 18 = -2*q - 5*l. Calculate the remainder when (-40)/(-10) + 142/2 is divided by 158/12 + (58/12 - q).
10
Suppose -2353*x + 280*x + 240981 = -171546. Let s = -1 + 58. Calculate the remainder when x is divided by s.
28
Let i = -359 + 351. Calculate the remainder when (-8)/(-6)*(i + 196/8) is divided by 5.
2
Suppose 5*g = r + 5, r - g - 58 = -51. Calculate the remainder when 413 is divided by r.
3
Let h(r) = -3*r**3 + 2*r**2 - 4*r + 3. Let f be h(1). Let p be ((-1046)/(-4))/(f/(-4)). Suppose 4*o - p = 37. Calculate the remainder when o is divided by 47.
46
Let p = -8 + -16. Let g(a) = 2*a**2 + 49*a - 10. Let y be g(p). Let n = 70 - y. Calculate the remainder when n is divided by 27.
23
Let k = 163 + -65. Let f be 18/21 - (-203)/49. Suppose 4*z + 2*v - 36 = 0, f*z - 6 = 3*z - 4*v. Calculate the remainder when k is divided by z.
10
Let z(y) = y**3 + 15*y**2 + 33*y + 153. What is the remainder when z(-9) is divided by 8?
6
Let y = -54 + 58. Suppose -2*b = -y*r + 240, -3*r + 0*r - 2*b = -187. Suppose 66 = -3*t + 6*t. Calculate the remainder when r is divided by t.
17
Let m = -55 + 225. Let i = m - 147. What is the remainder when 411 is divided by i?
20
Suppose 10*k - 15*k = 2*x + 918, -2*x = 8. Let w = k + 274. What is the remainder when w is divided by 35?
22
What is the remainder when ((-84)/7 - -9) + 418 is divided by 106?
97
Let b = -43 + 52. Let y(q) = -9*q + 89. Calculate the remainder when 93 is divided by y(b).
5
Suppose -4*p + 549 = 4*l - 559, 3*l + 807 = 3*p. What is the remainder when 283 is divided by p?
10
Suppose -3*p + 8 = 2*p + 4*u, 0 = 4*p - u + 2. Suppose 0 = -3*j, p = 4*r + j - 649 - 383. Suppose r = -f + 7*f. What is the remainder when f is divided by 22?
21
Suppose 0*v + 252 = 3*s - 3*v, 4*s - 2*v = 326. Suppose 340*a + 172*a - 119808 = 0. What is the remainder when a is divided by s?
76
Let r = -122327 + 122362. Suppose 0 = -0*d + 3*d - 399. Calculate the remainder when d is divided by r.
28
Suppose 3*w + 361*x - 360*x - 101 = 0, 0 = -3*w + 5*x + 71. What is the remainder when 335 is divided by w?
15
What is the remainder when (-13 + -4 - -28) + 2/2 is divided by (0 + 1)/((-1)/(-5))?
2
Let s(n) = 3*n - 40. Let d be s(19). Suppose 2 = -x + d. What is the rem